e prime factors of 241315.
5, 17, 167
What are the prime factors of 967649?
233, 4153
List the prime factors of 508347.
3, 7, 8069
List the prime factors of 215354.
2, 29, 47, 79
What are the prime factors of 419956?
2, 67, 1567
List the prime factors of 1239012.
2, 3, 127, 271
List the prime factors of 25598.
2, 12799
List the prime factors of 1533664.
2, 11, 4357
What are the prime factors of 5547081?
3, 47, 39341
What are the prime factors of 2908942?
2, 389, 3739
What are the prime factors of 7425382?
2, 37, 100343
What are the prime factors of 440902?
2, 7, 11, 409
List the prime factors of 7744962.
2, 3, 17, 75931
What are the prime factors of 9922972?
2, 2480743
List the prime factors of 648388.
2, 13, 37, 337
List the prime factors of 5129386.
2, 67, 101, 379
What are the prime factors of 98549?
11, 17, 31
What are the prime factors of 294442?
2, 147221
What are the prime factors of 9903456?
2, 3, 137, 251
List the prime factors of 13000.
2, 5, 13
List the prime factors of 9336158.
2, 13, 419, 857
What are the prime factors of 3145190?
2, 5, 367, 857
List the prime factors of 134083.
19, 7057
What are the prime factors of 1459672?
2, 23, 7933
List the prime factors of 212308.
2, 53077
List the prime factors of 25275274.
2, 12637637
List the prime factors of 895093.
491, 1823
List the prime factors of 11333309.
13, 67061
List the prime factors of 20181574.
2, 7, 113, 12757
What are the prime factors of 928503?
3, 3821
List the prime factors of 170431.
131, 1301
List the prime factors of 2424616.
2, 199, 1523
What are the prime factors of 104339?
103, 1013
List the prime factors of 40647567.
3, 13549189
List the prime factors of 2013188.
2, 503297
What are the prime factors of 2016396?
2, 3, 79, 709
What are the prime factors of 15487928?
2, 1935991
What are the prime factors of 1873969?
1873969
What are the prime factors of 1490531?
7, 19, 1601
List the prime factors of 1662123.
3, 181, 3061
What are the prime factors of 72755?
5, 14551
What are the prime factors of 945488?
2, 59093
What are the prime factors of 1438089?
3, 137, 3499
What are the prime factors of 16321795?
5, 7, 79, 5903
What are the prime factors of 239028?
2, 3, 19919
What are the prime factors of 60336?
2, 3, 419
List the prime factors of 360492.
2, 3, 11, 2731
What are the prime factors of 183730?
2, 5, 19, 967
List the prime factors of 49219.
83, 593
What are the prime factors of 1993013?
11, 181183
What are the prime factors of 4312959?
3, 7, 59
What are the prime factors of 2181146?
2, 11, 9013
List the prime factors of 2278557.
3, 84391
List the prime factors of 162012.
2, 3, 23, 587
What are the prime factors of 13155224?
2, 1097, 1499
What are the prime factors of 153341?
23, 59, 113
List the prime factors of 3526865.
5, 211, 3343
List the prime factors of 254569.
7, 41, 887
What are the prime factors of 1133500?
2, 5, 2267
What are the prime factors of 2657712?
2, 3, 17, 3257
What are the prime factors of 214906?
2, 107453
List the prime factors of 77468.
2, 107, 181
List the prime factors of 742841.
11, 67531
What are the prime factors of 812641?
812641
What are the prime factors of 91477?
17, 5381
List the prime factors of 2010407.
7, 23, 12487
List the prime factors of 2007600.
2, 3, 5, 7, 239
What are the prime factors of 3262179?
3, 37, 29389
List the prime factors of 5860707.
3, 1953569
What are the prime factors of 16860172?
2, 7, 251, 2399
What are the prime factors of 788395?
5, 157679
What are the prime factors of 1491261?
3, 53, 83, 113
List the prime factors of 5557327.
47, 317, 373
List the prime factors of 814065.
3, 5, 7, 7753
List the prime factors of 2336792.
2, 43, 6793
What are the prime factors of 1653663?
3, 11, 50111
What are the prime factors of 418110?
2, 3, 5, 7, 11, 181
List the prime factors of 189454.
2, 94727
What are the prime factors of 616037?
19, 32423
List the prime factors of 29859185.
5, 37, 103, 1567
What are the prime factors of 316689?
3, 105563
List the prime factors of 435973.
435973
What are the prime factors of 2725431?
3, 23, 39499
List the prime factors of 4679410.
2, 5, 467941
List the prime factors of 3202845.
3, 5, 213523
List the prime factors of 2664481.
23, 31, 37, 101
What are the prime factors of 536945?
5, 17, 6317
List the prime factors of 12062918.
2, 7, 123091
List the prime factors of 154073.
154073
What are the prime factors of 1009348?
2, 167, 1511
What are the prime factors of 23780?
2, 5, 29, 41
What are the prime factors of 3568999?
7, 31, 16447
List the prime factors of 29079040.
2, 5, 37, 307
List the prime factors of 913707.
3, 43, 787
List the prime factors of 716043.
3, 238681
What are the prime factors of 31786240?
2, 5, 19, 1307
List the prime factors of 950964.
2, 3, 7, 11321
List the prime factors of 604865.
5, 19, 6367
What are the prime factors of 323841?
3, 7, 2203
What are the prime factors of 12144692?
2, 7, 41, 71, 149
What are the prime factors of 275999?
275999
List the prime factors of 2898006.
2, 3, 547, 883
What are the prime factors of 5807403?
3, 7, 30727
List the prime factors of 503848.
2, 62981
List the prime factors of 5030512.
2, 314407
What are the prime factors of 12835283?
12835283
What are the prime factors of 239689?
239689
What are the prime factors of 1231665?
3, 5, 157, 523
What are the prime factors of 11286900?
2, 3, 5, 12541
List the prime factors of 11640230.
2, 5, 7, 166289
What are the prime factors of 469951?
53, 8867
What are the prime factors of 1141654?
2, 570827
List the prime factors of 70657.
70657
What are the prime factors of 4276484?
2, 397, 2693
List the prime factors of 3939307.
359, 10973
List the prime factors of 11793.
3, 3931
What are the prime factors of 204116?
2, 11, 4639
List the prime factors of 5828217.
3, 29, 31, 2161
What are the prime factors of 5699973?
3, 139, 13669
List the prime factors of 661643.
541, 1223
List the prime factors of 4178623.
151, 27673
List the prime factors of 1256825.
5, 50273
What are the prime factors of 212562?
2, 3, 7, 241
What are the prime factors of 2117028?
2, 3, 176419
What are the prime factors of 597830?
2, 5, 191, 313
List the prime factors of 349479.
3, 13, 29, 103
List the prime factors of 36000337.
41, 71, 83, 149
List the prime factors of 227187.
3, 25243
List the prime factors of 977792.
2, 7639
What are the prime factors of 131889?
3, 43963
List the prime factors of 837446.
2, 47, 59, 151
List the prime factors of 311257.
29, 10733
List the prime factors of 3435708.
2, 3, 191, 1499
List the prime factors of 12873116.
2, 3218279
List the prime factors of 2586617.
11, 21377
What are the prime factors of 386318?
2, 419, 461
List the prime factors of 736655.
5, 147331
List the prime factors of 4231158.
2, 3, 29, 24317
What are the prime factors of 2501039?
83, 30133
What are the prime factors of 18827093?
197, 95569
What are the prime factors of 266385?
3, 5, 7, 43, 59
List the prime factors of 14126824.
2, 31, 56963
What are the prime factors of 3104291?
97, 32003
List the prime factors of 89327.
7, 1823
What are the prime factors of 1568472?
2, 3, 65353
List the prime factors of 258621.
3, 11, 17, 461
List the prime factors of 5268121.
5268121
List the prime factors of 3533567.
89, 39703
List the prime factors of 542030.
2, 5, 67, 809
What are the prime factors of 484739?
43, 11273
List the prime factors of 33089.
7, 29, 163
List the prime factors of 791360.
2, 5, 2473
List the prime factors of 4609081.
4609081
List the prime factors of 116.
2, 29
List the prime factors of 2551452.
2, 3, 89, 2389
List the prime factors of 1260446.
2, 11, 23, 47, 53
What are the prime factors of 19011117?
3, 17, 43, 8669
List the prime factors of 1893767.
113, 16759
What are the prime factors of 8771134?
2, 281, 15607
List the prime factors of 1490184.
2, 3, 6899
What are the prime factors of 185672?
2, 23209
List the prime factors of 9055350.
2, 3, 5, 20123
List the prime factors of 310496.
2, 31, 313
List the prime factors of 902347.
902347
What are the prime factors of 3094607?
3094607
What are the prime factors of 228349?
11, 20759
List the prime factors of 4903385.
5, 980677
What are the prime factors of 1223889?
3, 67, 6089
What are the prime factors of 5964623?
7, 121727
What are the prime factors of